{"id":1078,"date":"2016-01-29T11:51:46","date_gmt":"2016-01-29T10:51:46","guid":{"rendered":"http:\/\/213.238.59.31\/?page_id=1078"},"modified":"2016-02-22T15:51:05","modified_gmt":"2016-02-22T14:51:05","slug":"pomm-adelsspiegel-a","status":"publish","type":"page","link":"https:\/\/von.Borcke.com\/?page_id=1078","title":{"rendered":"Albrecht Elzow \u2020 1698<br>Pomm. Adelssiegel 17.-19. Jhdt."},"content":{"rendered":"<div style=\"text-align:center\">\n\t<strong>Ausz&uuml;ge aus dem pommerschen Adelsspiegel<br \/>von Albrecht Elzow&nbsp; gest. 1698<br \/>Original: UNI Greifswald<\/strong><\/p>\n<p>\t<strong>256 Seiten Handschriften und Stammtafeln der Familie v. Borcke<br \/><\/strong><strong><br \/><\/strong><\/p>\n<p>\t<strong>Beispiel<\/strong><\/p>\n\n\t\t<style type=\"text\/css\">\n\t\t\t#gallery-1 {\n\t\t\t\tmargin: auto;\n\t\t\t}\n\t\t\t#gallery-1 .gallery-item {\n\t\t\t\tfloat: left;\n\t\t\t\tmargin-top: 10px;\n\t\t\t\ttext-align: center;\n\t\t\t\twidth: 100%;\n\t\t\t}\n\t\t\t#gallery-1 img {\n\t\t\t\tborder: 2px solid #cfcfcf;\n\t\t\t}\n\t\t\t#gallery-1 .gallery-caption {\n\t\t\t\tmargin-left: 0;\n\t\t\t}\n\t\t\t\/* see gallery_shortcode() in wp-includes\/media.php *\/\n\t\t<\/style>\n\t\t<div id='gallery-1' class='gallery galleryid-1078 gallery-columns-1 gallery-size-medium'><dl class='gallery-item'>\n\t\t\t<dt class='gallery-icon landscape'>\n\t\t\t\t<a href='https:\/\/von.Borcke.com\/wp-content\/uploads\/2016\/01\/Seite_3_alsjpg.jpg'><img loading=\"lazy\" decoding=\"async\" width=\"300\" height=\"283\" src=\"https:\/\/von.Borcke.com\/wp-content\/uploads\/2016\/01\/Seite_3_alsjpg-300x283.jpg\" class=\"attachment-medium size-medium\" alt=\"\" srcset=\"http:\/\/von.Borcke.com\/wp-content\/uploads\/2016\/01\/Seite_3_alsjpg-300x283.jpg 300w, http:\/\/von.Borcke.com\/wp-content\/uploads\/2016\/01\/Seite_3_alsjpg-768x724.jpg 768w, http:\/\/von.Borcke.com\/wp-content\/uploads\/2016\/01\/Seite_3_alsjpg.jpg 1000w\" sizes=\"auto, (max-width: 300px) 100vw, 300px\" \/><\/a>\n\t\t\t<\/dt><\/dl><br style=\"clear: both\" \/>\n\t\t<\/div>\n<\/div>\n<h3 align=\"center\">Verzeichnis der Familien f&uuml;r die auch Dokumente vorliegen<\/h3>\n<hr>\n<div style=\"width:100%;margin-top:30px;font-weight:bold;\">\n<table border=0 style=\"width:100%;\" cellpadding=5 cellspacing=0>\n<colgroup>\n<col width=\"33%\">\n<col width=\"33%\">\n<col width=\"33%\">\n<\/colgroup>\n<tr>\n<td align=\"center\">Behr<\/td>\n<td align=\"center\">Greiggenschildt<\/td>\n<td align=\"center\">Scheele<\/td>\n<\/tr>\n<tr>\n<td align=\"center\">Blanckenburg<\/td>\n<td align=\"center\">G\u00fcntersberg<\/td>\n<td align=\"center\">Schlieben<\/td>\n<\/tr>\n<tr>\n<td align=\"center\">Bonin<\/td>\n<td align=\"center\">G\u00fcntersencken<\/td>\n<td align=\"center\">Schlieffen<\/td>\n<\/tr>\n<tr>\n<td align=\"center\">Borcke<\/td>\n<td align=\"center\">Hindenburg<\/td>\n<td align=\"center\">Schwave<\/td>\n<\/tr>\n<tr>\n<td align=\"center\">Borne<\/td>\n<td align=\"center\">Hoym<\/td>\n<td align=\"center\">Steinwehr<\/td>\n<\/tr>\n<tr>\n<td align=\"center\">Bornentin<\/td>\n<td align=\"center\">Itrzencken<\/td>\n<td align=\"center\">Stettin<\/td>\n<\/tr>\n<tr>\n<td align=\"center\">Bornst\u00e4dt<\/td>\n<td align=\"center\">Jatzkow<\/td>\n<td align=\"center\">Stojentin<\/td>\n<\/tr>\n<tr>\n<td align=\"center\">Borsken<\/td>\n<td align=\"center\">Kamecke<\/td>\n<td align=\"center\">Troyen<\/td>\n<\/tr>\n<tr>\n<td align=\"center\">Borsky<\/td>\n<td align=\"center\">K\u00f6ller<\/td>\n<td align=\"center\">Trzebiatkowsken<\/td>\n<\/tr>\n<tr>\n<td align=\"center\">Borszyczkowsky<\/td>\n<td align=\"center\">Krauthoff<\/td>\n<td align=\"center\">Uckermann<\/td>\n<\/tr>\n<tr>\n<td align=\"center\">Bozepolsiken<\/td>\n<td align=\"center\">K\u00fcssow<\/td>\n<td align=\"center\">Versen<\/td>\n<\/tr>\n<tr>\n<td align=\"center\">Broecker<\/td>\n<td align=\"center\">Marwitz<\/td>\n<td align=\"center\">Waldow<\/td>\n<\/tr>\n<tr>\n<td align=\"center\">Buggenhagen<\/td>\n<td align=\"center\">Mellin<\/td>\n<td align=\"center\">Wolden<\/td>\n<\/tr>\n<tr>\n<td align=\"center\">B\u00fctzow<\/td>\n<td align=\"center\">M\u00fcnchow<\/td>\n<td align=\"center\">Wopersnow<\/td>\n<\/tr>\n<tr>\n<td align=\"center\">Damitz<\/td>\n<td align=\"center\">Podewils<\/td>\n<td align=\"center\">Zume<\/td>\n<\/tr>\n<tr>\n<td align=\"center\">Fischer<\/td>\n<td align=\"center\">Puttkamer<\/td>\n<td align=\"center\"><\/td>\n<\/tr>\n<tr>\n<td align=\"center\">Gottberg<\/td>\n<td align=\"center\">Ramin<\/td>\n<td align=\"center\"><\/td>\n<\/tr>\n<\/table>\n<\/div>\n","protected":false},"excerpt":{"rendered":"<p>Ausz&uuml;ge aus dem pommerschen Adelsspiegelvon Albrecht Elzow&nbsp; gest. 1698Original: UNI Greifswald 256 Seiten Handschriften und Stammtafeln der Familie v. Borcke Beispiel Verzeichnis der Familien f&uuml;r die auch Dokumente vorliegen Behr Greiggenschildt Scheele Blanckenburg G\u00fcntersberg Schlieben Bonin G\u00fcntersencken Schlieffen Borcke Hindenburg Schwave Borne Hoym Steinwehr Bornentin Itrzencken Stettin Bornst\u00e4dt Jatzkow Stojentin Borsken Kamecke Troyen Borsky K\u00f6ller [&hellip;]<\/p>\n","protected":false},"author":2,"featured_media":0,"parent":882,"menu_order":0,"comment_status":"closed","ping_status":"closed","template":"","meta":{"ngg_post_thumbnail":0,"footnotes":""},"class_list":["post-1078","page","type-page","status-publish","hentry"],"_links":{"self":[{"href":"https:\/\/von.Borcke.com\/index.php?rest_route=\/wp\/v2\/pages\/1078","targetHints":{"allow":["GET"]}}],"collection":[{"href":"https:\/\/von.Borcke.com\/index.php?rest_route=\/wp\/v2\/pages"}],"about":[{"href":"https:\/\/von.Borcke.com\/index.php?rest_route=\/wp\/v2\/types\/page"}],"author":[{"embeddable":true,"href":"https:\/\/von.Borcke.com\/index.php?rest_route=\/wp\/v2\/users\/2"}],"replies":[{"embeddable":true,"href":"https:\/\/von.Borcke.com\/index.php?rest_route=%2Fwp%2Fv2%2Fcomments&post=1078"}],"version-history":[{"count":31,"href":"https:\/\/von.Borcke.com\/index.php?rest_route=\/wp\/v2\/pages\/1078\/revisions"}],"predecessor-version":[{"id":1720,"href":"https:\/\/von.Borcke.com\/index.php?rest_route=\/wp\/v2\/pages\/1078\/revisions\/1720"}],"up":[{"embeddable":true,"href":"https:\/\/von.Borcke.com\/index.php?rest_route=\/wp\/v2\/pages\/882"}],"wp:attachment":[{"href":"https:\/\/von.Borcke.com\/index.php?rest_route=%2Fwp%2Fv2%2Fmedia&parent=1078"}],"curies":[{"name":"wp","href":"https:\/\/api.w.org\/{rel}","templated":true}]}}